p) = -p**3 + 10*p**2 + 14*p - 13. What is g(m)?
20
Let c(j) = -2*j**2 - 5*j + 16. Let r(z) = 4*z**2 + 11*z - 35. Let a(h) = 5*c(h) + 2*r(h). What is a(-3)?
1
Let y be (42/(-28))/(-1 + (-1)/(-4)). Suppose y*x = 33 - 15. Let r(k) = x - 6 - 2*k + 0*k. What is r(4)?
-5
Let p be -1*(4/2 + -31) - 1. Let y = 31 - p. Let c(n) = -35 - y*n - 37 + 76. Give c(3).
-5
Let z(p) = p**2 - 3*p - 55. Let h = -43251 + 43260. Give z(h).
-1
Let x(z) = -27*z - 29*z + 21*z + 0*z**3 + 2*z**3 + 28*z - z**2 + 2. Determine x(3).
26
Let a(p) = -p**2 - 9*p - 8. Let m(n) = 3*n + 55. Let z be m(-13). Suppose -2*y - 5*h - z = 0, 4*h + 0*h = -4*y - 32. Give a(y).
0
Let w(z) be the second derivative of 1/6*z**3 + 9*z + 5/2*z**2 + 0. Determine w(6).
11
Let v(j) = -12*j**2 - 5*j - 41. Let k(l) = -4*l**2 - 2*l - 15. Let s(b) = 11*k(b) - 4*v(b). Give s(2).
11
Let h be 6/231 - (-177246)/(-35266). Let v(c) be the third derivative of c**4/24 + c**3/2 + c**2. What is v(h)?
-2
Let c(z) = -10*z + 2. Let y be c(8). Let a be (8/12)/((-4)/y). Let h(q) = -4*q + 22*q - 4*q - a*q - 3. What is h(-3)?
-6
Let f(w) = 15*w - 10. Let u(r) = 30*r - 22. Let o(l) = 7*f(l) - 3*u(l). Let g(k) = -13*k + 2. Let s(c) = 5*g(c) + 4*o(c). Determine s(4).
-26
Let q(w) be the first derivative of w**3 + 208 + 3/2*w**2 - 4*w. Suppose 5*j - 15 = -0*j. Calculate q(j).
32
Let n(l) be the third derivative of -6*l**2 - 1/30*l**5 + 0 + 0*l**3 - 1/120*l**6 + 0*l - 1/24*l**4. Suppose 3 = -3*g + i - 5, -5*i - 17 = 4*g. Give n(g).
12
Let k(q) = q**2 - 5*q + 5. Let y = -2 + -7. Suppose 3*g - p = -12, -2*g - 3*p = 19 - 0. Let z = g - y. Calculate k(z).
1
Let z(d) = -6*d - d + 12*d - 3*d + 6 - 3*d. Let n(j) = -3. Let f(v) = 2*n(v) + z(v). Determine f(-9).
9
Let y(w) = 49*w + 879. Let k be y(-18). Let s(m) = m**2 - 33*m - 107. Give s(k).
1
Let k = 19 + 52. Suppose -47 + k = 3*w. Let a(o) = o**3 - 9*o**2 + 9*o + 8. Determine a(w).
16
Let a be ((15 - 16) + -2)/((-18)/(-12)). Let y(i) = 8*i**3 - 3*i**2 - 3*i - 3. Give y(a).
-73
Let n(f) = 56 - 16 - f**3 - 25 - 19 + 4*f**2. Let p(h) be the second derivative of h**3/6 - 9*h**2/2 + 3*h. Let a be p(12). What is n(a)?
5
Let g(w) = w**3 + w**2 + 2*w - 1. Suppose 914 = 5*n + 204. Suppose -a - 5*y = -24, -3*y + 0*y = -4*a + n. Suppose a*v - 30*v = -8. What is g(v)?
-9
Let y(g) be the third derivative of -g**5/60 - 5*g**4/24 + g**3/2 + 160*g**2. Let b = -77 + 72. Give y(b).
3
Let k(h) = -7 + 41*h - 15*h - 16*h - 6*h. Let m be k(2). Suppose -m + 0 = -d. Let p(s) = -12*s**2 - s. Give p(d).
-13
Let c(q) be the first derivative of 5/2*q**2 - 1/3*q**3 - 3*q - 1/4*q**4 - 2. Give c(2).
-5
Suppose 0 = 4*u + 10*x - 5*x - 19, 4*u - 5*x - 69 = 0. Let k(v) = v**2 - 8. Calculate k(u).
113
Let x(l) be the first derivative of -l**4/4 - 46*l**3/3 - 87*l**2/2 + 46*l - 1360. Give x(-44).
2
Let l(x) = x + 5. Let m = -6981 - -6976. Give l(m).
0
Let x(d) be the second derivative of d**3/6 + 7*d**2/2 + 1930*d + 2. What is x(-4)?
3
Let b(i) = -i + 13*i**2 - 11*i**3 - 4*i + 7*i + 17*i**3 + 19 - 7*i**3. Calculate b(13).
45
Let i(v) = -5*v - 3. Let m(c) = -15*c - 5. Let u(h) = 2*i(h) - m(h). Determine u(-3).
-16
Let j(b) = 2*b + 3 - 8*b - 5*b. Suppose 78 + 42 = 8*d. Suppose -31 = -23*w + d. Give j(w).
-19
Suppose 3*l = 0, -115 = -u + 2*l - l. Suppose u*t + 24 = 127*t. Let v(y) = 6 - 3 + y**2 + y**2 - 3*y. Determine v(t).
5
Let p(f) = 2*f**3 + 104*f**2 - 11*f + 7. Let v(a) = a**3 + 62*a**2 - 5*a + 4. Let z(y) = -3*p(y) + 5*v(y). Determine z(0).
-1
Suppose 0 = -11400*l + 11343*l + 570. Let k(m) = 4*m - 7. Give k(l).
33
Let s = 89 + -54. Suppose 38*m - 9 = s*m. Let d(g) = m - g + 4*g + g**3 - 3*g - 6*g**2. Determine d(6).
3
Let q = -95 - -98. Suppose 0 = m - 2*p, 0 = -2*m - q*m + 4*p + 12. Let n(o) = -o - 1. Determine n(m).
-5
Let f(y) = 6*y**2 + 0*y - 6*y**2 + 3 - y - 6*y - y**2. Suppose 0 = -2*t - 14. What is f(t)?
3
Let r(p) = -22*p - 25. Let i(k) = -38*k - 49. Let g(u) = -4*i(u) + 7*r(u). Calculate g(11).
-1
Let o(c) be the third derivative of 5*c**4/24 - 2*c**2 + 141*c + 1. Let j = -1 + 2. Calculate o(j).
5
Let r(u) = 419 + u - 2*u + 419 + 415 - 1240. Let b(o) = -o**3 + 6*o**2 + 2*o + 1. Let k be b(6). Give r(k).
0
Suppose -5 = -14*p + 84 + 23. Let m(r) = -r**2 + 5*r + 10. Calculate m(p).
-14
Let z = 6 + 0. Let h(y) be the third derivative of -y**6/120 + 7*y**5/60 - 5*y**4/24 + y**3/6 + 167*y**2 + 20*y. Calculate h(z).
7
Let x(m) be the third derivative of m**6/120 + 3*m**5/20 + m**4/3 - 23*m**3/3 + 3158*m**2. Give x(-7).
-4
Let x(b) be the first derivative of 5*b**2 - 2*b + 1648. Determine x(1).
8
Let p(v) = -v**2 + 10*v + 25. Let t be p(12). Let d be t + 1 - 0/9. Let s(g) = 3 + 2*g - 6 - d*g + g. What is s(4)?
1
Let y = 473 + -473. Let q(t) = -11*t - 5 + t**2 + y*t + 27*t - 6*t. Determine q(-11).
6
Let l(c) = -c**3 - c**2 - 3*c - 3. Suppose -4*r - 3*r + 2*r = 0. Suppose r*t + 25 = 5*t. Suppose -i - s = 7, -4*s + s = -5*i + t. Calculate l(i).
7
Let w(z) = 55*z**3 - 2*z**2 + 2. Let q be 117/(-507) - (-5 - 196/(-52)). Calculate w(q).
55
Let o = 46 + -33. Suppose 0 = 2*j - 3*q + 1, 3*q = -5*j - o. Let c(i) = 4 - 2 - 3 + 2 + 2 + 7*i. Give c(j).
-11
Let z(w) = -5*w**2 + 5*w - 2. Suppose -4*u = -3*a - 7, -3*a + u = 412 - 417. Determine z(a).
-32
Let g be 1174/(-12)*2 - 14/(-21). Let f = g + 199. Let m(k) be the second derivative of -k**5/20 + k**4/4 - k**2 + k. Determine m(f).
-18
Let r(n) = -n**2 + 5*n - 2. Suppose h + 3 + 27 = -3*u, -4*u - 31 = h. Let v = 30 + h. Calculate r(v).
4
Let x(l) be the third derivative of -l**6/120 + l**5/60 + 5*l**4/6 + 5*l**3/6 + 23*l**2 + 11*l. Give x(5).
5
Let w(y) = 5*y - 1. Let u(o) = -5*o + 1. Let v(m) = -2*u(m) - 3*w(m). Let k(p) = -11*p**2 - 151*p + 36. Let b be k(-14). Give v(b).
31
Let s(w) be the second derivative of -1/2*w**2 + 0*w**4 + 12*w - 1/6*w**3 + 2 - 1/20*w**5. Give s(-2).
9
Suppose 4*f - 5 = i - 1, -5*i - 96 = -f. Let r be -2 + (-3)/((-12)/i). Let h(g) = -118 + g - 122 + 359 - 119. Determine h(r).
-7
Let o(c) = 521*c - 2 - 3*c**3 + 512*c + 516*c - 1547*c. Calculate o(1).
-3
Let i be 13/(78/36) + -4. Let o(x) = x**3 + 0*x - 4 - 2*x + x**2 - 4*x**3 + 0*x**2 - i*x. Give o(-1).
4
Let g be 1 - 2 - 0/((5 - 15) + 9). Let c(v) be the second derivative of 11*v**5/20 - v**3/3 - v**2/2 + 2*v. Determine c(g).
-10
Let l be (-243)/36*(-4 + -8). Let u(o) = o**2 + l*o + 7 - 72*o + 1. Give u(-6).
-10
Suppose 0 = 3*a - 5*s + 3, 8*a - 2*s = 7*a. Suppose 3*n - 140 = -n. Let b be (40/n)/(a/(-21)). Let w(j) = -j + 3. What is w(b)?
-1
Suppose -44 = -0*b - 5*b + 4*t, 5*b + 4*t = 36. Let r(c) be the second derivative of -c**3/3 + 5*c**2 - 1725*c. Give r(b).
-6
Let c(v) = 0*v - 3*v + 11 + 2*v. Let l(j) = j**3 - 8*j**2 + 38*j - 217. Let m be l(7). Give c(m).
11
Let c(b) = -7*b + 36. Suppose 33*p - 117 - 81 = 0. Give c(p).
-6
Let t(p) = -5*p + 10. Let v = -207 + 201. Let m(r) = -r + 1. Let i(n) = v*m(n) + t(n). What is i(5)?
9
Let z(t) = 3*t**2 - t**2 + 2*t + 2*t - 130 + 135. Let j be z(-1). Let s(r) = r**3 - 2*r**2 + r - 2. Calculate s(j).
10
Let w(j) = 2*j - 6. Let x(l) = -11 - 11*l - l**2 + 0*l**2 - 5*l + 39. Let o be x(-18). Give w(o).
-22
Suppose 7*d - 6*d + 4 = 0. Let t(n) = 56*n + 28. Let s(h) = -69*h - 33. Let a(p) = -4*s(p) - 5*t(p). Give a(d).
8
Let j(g) = 55*g**2 - 83*g - 10. Let d(c) = -14*c**2 + c + 2. Let l(q) = 2*d(q) + j(q). Determine l(3).
-6
Let r(n) = -n**3 - 4*n**2 + n + 4. Let i(w) = w**2 + 8*w + 31. Let k be i(-9). Let a = k - 38. Suppose a*s - 36 = -44. Give r(s).
0
Let k be (-4 - 0) + (-30)/(-1). Let n(v) = v**3 - 7*v**2 + 2*v - 4. Let o be n(6). Let j = o + k. Let d(i) = i**2 + i + 2. Determine d(j).
4
Let n(h) = -2 - 2*h**2 - 3*h - 11 + 31. What is n(-5)?
-17
Let n(d) = 268 + 825*d - 132*d - 681*d. Calculate n(-22).
4
Let l = 1338 - 1340. Let k(v) = 2*v**2 + 6*v + 3. Determine k(l).
-1
Suppose -18*o + 10*o + 56 = 0. Let s(x) = 145*x + 146*x + 10 - 440*x + 148*x. Calculate s(o).
3
Let w = 4 + -1. Suppose -3*o + 16 = 4*z, 0 = w*z - o - 2 - 10. Let f(x) = 1 + 2968*x**2 + 1 + 2 + 0*x + x + x**3 - 2973*x**2. Give f(z).
-8
Let z(h) be the first derivative of h**4/12 - 8*h**3/3 + h - 55. Let c(q) be the first derivative of z(q). Calculate c(16).
0
Let d(m) = -m**2 - 8*m + 15. Let o(f) = -2*f**3 + 39*f**2 - 40*f - 261. Let h be o(18). What is d(h)?
6
Let j(z) = z**2 - 2*z